osite number?
False
Is 1586474339 a composite number?
True
Is 22767913087 prime?
False
Is 146142289117 a prime number?
False
Is 6830016217 prime?
True
Is 146952691 prime?
False
Is 32841251 a composite number?
False
Is 4342511983 a composite number?
True
Is 37213114805 a composite number?
True
Is 171743941 a prime number?
True
Is 2066394199 prime?
False
Is 25582980023 a composite number?
True
Is 4083231982 a prime number?
False
Is 3621458047 prime?
True
Is 735085843 a prime number?
False
Is 3089512141 a prime number?
True
Is 96786965567 composite?
True
Is 1512211361 a prime number?
True
Is 231019163 a composite number?
False
Is 10772772523 composite?
True
Is 3857653861 composite?
True
Is 543863521 prime?
True
Is 17057519057 composite?
False
Is 311304361 a prime number?
True
Is 25992171829 prime?
False
Is 38029772903 a prime number?
True
Is 5206640353 a prime number?
False
Is 432317513 composite?
False
Is 683319851 composite?
True
Is 2051065481 composite?
False
Is 14217450379 composite?
True
Is 30380749853 prime?
True
Is 6755711989 prime?
False
Is 962071181 composite?
True
Is 8038399849 a prime number?
False
Is 114118687613 a prime number?
False
Is 59262147683 a composite number?
True
Is 2462750795 prime?
False
Is 88781113 prime?
False
Is 136912411 prime?
False
Is 83445795229 composite?
True
Is 461190623 a prime number?
True
Is 452215159 a prime number?
False
Is 633895489 a prime number?
True
Is 2673744379 composite?
False
Is 109260563 a composite number?
True
Is 4764007574 composite?
True
Is 5511439621 composite?
True
Is 16451377843 prime?
True
Is 7167737141 a prime number?
False
Is 331734229 a prime number?
True
Is 1935471569 composite?
True
Is 108364605727 composite?
True
Is 1093957409 a prime number?
False
Is 134286959 a prime number?
True
Is 29425702561 a prime number?
True
Is 16310415997 a prime number?
True
Is 3781220637 a composite number?
True
Is 7918355831 a prime number?
True
Is 49473679219 composite?
False
Is 6308095681 a prime number?
True
Is 762382835 composite?
True
Is 4193434939 a prime number?
True
Is 5053652683 composite?
False
Is 1659604717 a prime number?
False
Is 32215799303 prime?
True
Is 311340283 prime?
True
Is 3997037371 prime?
False
Is 481562449 composite?
False
Is 9927586961 prime?
True
Is 37122889841 a prime number?
True
Is 1552862863 composite?
False
Is 4610232811 a composite number?
False
Is 12490015789 prime?
True
Is 5282466859 a prime number?
True
Is 268283671 a composite number?
False
Is 1798601743 prime?
True
Is 8389172557 prime?
True
Is 292269779 prime?
True
Is 555628523 composite?
True
Is 27589359639 composite?
True
Is 6127148603 composite?
False
Is 353634067 a prime number?
False
Is 235786741 prime?
False
Is 676680505 prime?
False
Is 12501303937 a composite number?
False
Is 1460727211 prime?
True
Is 369516973 prime?
False
Is 131736398 a composite number?
True
Is 775653451 composite?
True
Is 5952141361 prime?
False
Is 701564411 prime?
True
Is 48075734481 prime?
False
Is 33434158649 composite?
True
Is 62143793141 composite?
False
Is 27160823237 a composite number?
False
Is 28172768153 composite?
True
Is 22847595863 prime?
True
Is 58585995329 composite?
False
Is 215072686 prime?
False
Is 293945023 a prime number?
True
Is 889274039 composite?
True
Is 14785978217 prime?
True
Is 8300223761 composite?
False
Is 1302815387 composite?
True
Is 32409939353 prime?
False
Is 2774800981 composite?
True
Is 32394846047 composite?
True
Is 26377479629 a prime number?
True
Is 67598551 a composite number?
False
Is 1891925389 a composite number?
True
Is 37236359 composite?
False
Is 451951963 a prime number?
True
Is 458931931 a composite number?
True
Is 210421221 prime?
False
Is 88403981 a prime number?
True
Is 890782703 a composite number?
False
Is 22563425201 a composite number?
True
Is 166011533 a composite number?
False
Is 1845842747 a prime number?
False
Is 254080291697 prime?
True
Is 75537269767 a composite number?
False
Is 505313723 prime?
False
Is 427740022 composite?
True
Is 11987805079 prime?
True
Is 461520842 a prime number?
False
Is 89783534119 prime?
True
Is 1530371641 composite?
False
Is 3616366223 composite?
True
Is 116320627867 a composite number?
False
Is 1438559609 a composite number?
True
Is 67752591583 composite?
True
Is 3052724053 prime?
False
Is 9074306237 a composite number?
False
Is 11964036965 a prime number?
False
Is 1225955923 composite?
True
Is 143974692271 a prime number?
True
Is 11315827531 a prime number?
False
Is 28837579 a prime number?
True
Is 25928928929 composite?
False
Is 7066457479 a prime number?
True
Is 3069257843 a composite number?
True
Is 20450628881 a composite number?
False
Is 514069861 a prime number?
True
Is 4828318381 a prime number?
False
Is 2197547197 a composite number?
False
Is 3063477533 prime?
True
Is 184693488319 composite?
False
Is 13554359167 a composite number?
True
Is 24616224353 a prime number?
False
Is 5090414699 composite?
False
Is 2276229619 prime?
True
Is 105319880183 a prime number?
False
Is 4764366941 a composite number?
False
Is 28489183871 a composite number?
True
Is 1205030989 a prime number?
True
Is 294085019 a prime number?
False
Is 44462108809 composite?
False
Is 18535997423 composite?
False
Is 2432300681 prime?
False
Is 113805005957 a composite number?
False
Is 2426226853 composite?
False
Is 70521987233 composite?
False
Is 779296523 composite?
True
Is 3807573923 composite?
False
Is 181069919 prime?
True
Is 1598154193 a composite number?
False
Is 3591302893 composite?
True
Is 22824021379 composite?
False
Is 66569051561 a composite number?
True
Is 57396263 composite?
True
Is 366251513 a prime number?
False
Is 1313157781 prime?
False
Is 6138505181 a prime number?
False
Is 83944240045 prime?
False
Is 20879371477 composite?
False
Is 33978146723 a prime number?
True
Is 174506671 composite?
False
Is 1326184967 prime?
True
Is 122484391 a composite number?
False
Is 154956611 composite?
True
Is 11975965699 composite?
False
Is 615416687 a prime number?
True
Is 775083389 a composite number?
True
Is 2169587391 a prime number?
False
Is 845644819 a composite number?
True
Is 839706013 composite?
True
Is 1492490669 a composite number?
False
Is 1162096937 prime?
False
Is 434586253 a composite number?
True
Is 24456192313 prime?
False
Is 708808097 a composite number?
False
Is 5107427707 prime?
True
Is 2271145969 a prime number?
True
Is 72198302851 prime?
True
Is 356502973 composite?
True
Is 449925319 composite?
False
Is 54639100669 a composite number?
False
Is 6526486443 prime?
False
Is 20853739391 a composite number?
True
Is 701330923 prime?
True
Is 2188249087 a composite number?
False
Is 64367907487 composite?
True
Is 193144831 composite?
True
Is 14006653777 a prime number?
True
Is 22321936361 composite?
False
Is 16687999759 a prime number?
True
Is 1126830899 a composite number?
True
Is 102900673 prime?
True
Is 42460673197 prime?
False
Is 13785617161 composite?
True
Is 6740538587 prime?
True
Is 38859159319 prime?
False
Is 4847463259 prime?
True
Is 43056585109 composite?
True
Is 23465835541 a prime number?
True
Is 5428563949 composite?
False
Is 555574457 prime?
False
Is 37463930201 prime?
False
Is 789651791 prime?
False
Is 5330588083 prime?
True
Is 15948991387 prime?
False
Is 929086369 a composite number?
True
Is 3254021651 prime?
False
Is 372913048349 a prime number?
True
Is 90030217 a prime number?
False
Is 10184380577 composite?
True
Is 116195669 a composite number?
True
Is 22123870211 composite?
True
Is 33015637741 prime?
True
Is 3920864939 prime?
False
Is 1501801549 prime?
True
Is 9384246385 prime?
False
Is 59237801647 a prime number?
False
Is 5052851897 a composite number?
False
Is 1644065407 prime?
True
Is 3938430199 a composite number?
True
Is 10916632379 a composite number?
False
Is 1923314681 a prime number?
True
Is 125574466577 a composite number?
True
Is 46223623 a prime number?
True
Is 720640643 a composite number?
False
Is 3632207723 prime?
True
Is 4805196595 a composite number?
True
Is 13162852133 prime?
True
Is 30145559159 prime?
True
Is 10444195389 a composite number?
True
Is 2227829729 a composite number?
False
Is 3711888133 prime?
False
Is 2541050489 a composite number?
False
Is 1545189949 a composite number?
False
Is 659201087 prime?
True
Is 2308823609 a 